4
What is the greatest common factor of 6519039 and 3?
3
Calculate the greatest common divisor of 648765 and 8872.
1109
Calculate the highest common factor of 3 and 19683.
3
Calculate the greatest common factor of 2769334 and 94.
94
What is the greatest common divisor of 2480 and 15420?
20
What is the highest common divisor of 40686 and 18?
6
Calculate the greatest common divisor of 148044 and 6084.
2028
Calculate the highest common factor of 835 and 695.
5
Calculate the greatest common factor of 6300 and 16225.
25
Calculate the greatest common factor of 51012 and 30.
6
Calculate the greatest common divisor of 163384 and 2548.
52
What is the highest common divisor of 702 and 13500?
54
What is the greatest common factor of 30950 and 7750?
50
What is the greatest common factor of 366 and 80398?
122
What is the greatest common divisor of 236076 and 34608?
1236
Calculate the highest common divisor of 14725 and 275.
25
Calculate the greatest common factor of 2987 and 3625.
29
Calculate the highest common divisor of 355114 and 554.
554
What is the highest common factor of 56615 and 294905?
845
What is the highest common divisor of 2294 and 94498?
74
What is the greatest common factor of 808 and 19796?
404
Calculate the greatest common divisor of 10442 and 238804.
454
What is the highest common divisor of 22 and 163922?
22
What is the highest common divisor of 79368 and 12?
12
What is the greatest common factor of 3232 and 41107?
101
What is the highest common divisor of 2365 and 18490?
215
Calculate the highest common factor of 208439 and 33.
11
Calculate the greatest common factor of 520236 and 171.
9
Calculate the highest common divisor of 17215 and 5445.
55
Calculate the highest common factor of 497 and 1638.
7
What is the highest common factor of 80398 and 976?
122
Calculate the greatest common divisor of 3276 and 3.
3
What is the highest common factor of 5585 and 65?
5
Calculate the greatest common factor of 6100 and 505690.
610
What is the highest common factor of 151242 and 3276?
546
What is the highest common divisor of 6142 and 13778?
166
What is the highest common factor of 25012 and 148?
148
Calculate the highest common factor of 62150 and 1525.
25
Calculate the greatest common divisor of 4293 and 52407.
81
What is the highest common factor of 2016 and 28287?
63
What is the greatest common divisor of 15 and 126005?
5
What is the highest common divisor of 39485 and 3445?
265
What is the greatest common divisor of 152453 and 203?
203
What is the greatest common factor of 224 and 22680?
56
Calculate the highest common factor of 210694 and 79178.
1342
What is the greatest common factor of 23641 and 235?
47
What is the highest common factor of 503 and 6060647?
503
Calculate the highest common divisor of 108221 and 31.
31
What is the greatest common divisor of 6693 and 414?
69
Calculate the greatest common divisor of 196 and 56693.
49
What is the greatest common divisor of 2146 and 481?
37
What is the highest common factor of 220 and 2167?
11
What is the greatest common factor of 1074 and 474350?
358
Calculate the highest common divisor of 453 and 1519815.
453
What is the greatest common factor of 195 and 10465?
65
Calculate the greatest common divisor of 2296 and 110536.
328
Calculate the greatest common factor of 21006 and 864.
54
What is the highest common divisor of 2242 and 4750?
38
What is the greatest common factor of 154 and 31823?
11
Calculate the greatest common divisor of 312 and 8060.
52
What is the highest common factor of 3138 and 94?
2
Calculate the greatest common factor of 918 and 100538.
34
What is the greatest common divisor of 580 and 15700?
20
Calculate the highest common divisor of 3760870 and 710.
710
Calculate the greatest common divisor of 326 and 53301.
163
Calculate the highest common factor of 7500 and 768.
12
Calculate the greatest common factor of 50 and 310770.
10
What is the highest common divisor of 86280 and 40?
40
What is the highest common divisor of 28 and 892052?
28
What is the greatest common divisor of 624520 and 8?
8
Calculate the highest common divisor of 9588 and 1410.
282
Calculate the highest common divisor of 3973 and 685.
137
Calculate the greatest common factor of 2968 and 337928.
424
Calculate the highest common factor of 1452 and 189948.
132
Calculate the greatest common factor of 4733890 and 140.
70
Calculate the highest common factor of 37860 and 60.
60
What is the greatest common factor of 12087 and 1975?
79
Calculate the highest common factor of 795 and 7635.
15
Calculate the greatest common divisor of 7616 and 266.
14
Calculate the highest common factor of 580 and 2360.
20
Calculate the highest common divisor of 6408 and 324.
36
What is the greatest common divisor of 5709 and 5247?
33
Calculate the greatest common factor of 15964 and 52.
52
Calculate the highest common divisor of 840 and 8421.
21
Calculate the greatest common factor of 418 and 18183.
209
Calculate the greatest common divisor of 3131 and 67973.
101
What is the highest common factor of 4722 and 258?
6
What is the highest common divisor of 51600 and 5?
5
Calculate the highest common divisor of 13973 and 10833.
157
Calculate the highest common factor of 16 and 16624.
16
What is the greatest common factor of 65533 and 13?
13
Calculate the greatest common factor of 568 and 32234.
142
What is the greatest common divisor of 3068339 and 313?
313
What is the greatest common factor of 22 and 639859?
11
Calculate the greatest common divisor of 69 and 40758.
3
What is the greatest common factor of 31032 and 60?
12
Calculate the highest common factor of 4372 and 4472.
4
Calculate the greatest common factor of 4158 and 61512.
66
What is the highest common divisor of 1705 and 166067?
341
Calculate the greatest common factor of 2862 and 7950.
318
What is the greatest common factor of 3835 and 955?
5
What is the highest common factor of 3 and 782?
1
What is the highest common factor of 312 and 535392?
312
What is the greatest common divisor of 11414 and 78?
26
Calculate the highest common factor of 97 and 5723.
97
Calculate the highest common divisor of 133 and 1140.
19
What is the highest common divisor of 530 and 6257710?
530
Calculate the greatest common factor of 2951 and 5473.
13
Calculate the highest common factor of 109912 and 1606.
22
Calculate the highest common divisor of 54180 and 945.
315
What is the greatest common factor of 43279 and 63619?
113
What is the highest common factor of 111079 and 7119?
113
What is the greatest common divisor of 45 and 3231?
9
Calculate the greatest common divisor of 18012 and 324.
12
Calculate the highest common divisor of 759 and 3432.
33
Calculate the greatest common divisor of 19125 and 2925.
225
Calculate the greatest common divisor of 155 and 10280.
5
What is the greatest common factor of 124 and 1174776?
124
Calculate the greatest common divisor of 1040 and 1225055.
65
What is the highest common divisor of 4621092 and 542?
542
What is the greatest common divisor of 11946 and 1342?
22
Calculate the greatest common factor of 1055 and 145.
5
What is the highest common divisor of 940240 and 35?
35
What is the greatest common divisor of 241244 and 2132?
164
Calculate the highest common factor of 13747162 and 923.
923
Calculate the greatest common divisor of 32 and 66064.
16
What is the greatest common divisor of 32980 and 68?
68
What is the greatest common divisor of 7440 and 26000?
80
What is the highest common factor of 434 and 5502?
14
What is the highest common factor of 78 and 12714?
78
Calculate the greatest common divisor of 10 and 4635.
5
What is the greatest common factor of 4466 and 5258?
22
What is the greatest common divisor of 72 and 4446?
18
What is the greatest common divisor of 65281 and 97?
97
Calculate the greatest common factor of 3658 and 310.
62
Calculate the highest common factor of 13 and 514917.
13
Calculate the highest common divisor of 110 and 53614.
22
What is the greatest common factor of 2007 and 85632?
669
Calculate the greatest common factor of 426 and 18949758.
426
What is the highest common factor of 587955 and 285?
285
Calculate the highest common factor of 755 and 259871.
151
Calculate the highest common divisor of 24948 and 51744.
924
Calculate the highest c